 of 29695.
5, 5939
What are the prime factors of 2207?
2207
List the prime factors of 2575.
5, 103
What are the prime factors of 82800?
2, 3, 5, 23
What are the prime factors of 55542?
2, 3, 9257
List the prime factors of 1645.
5, 7, 47
List the prime factors of 7725.
3, 5, 103
List the prime factors of 10626.
2, 3, 7, 11, 23
List the prime factors of 35289.
3, 1307
What are the prime factors of 1208?
2, 151
List the prime factors of 1305.
3, 5, 29
List the prime factors of 2568.
2, 3, 107
List the prime factors of 203.
7, 29
List the prime factors of 10024.
2, 7, 179
What are the prime factors of 23773?
23773
List the prime factors of 1465.
5, 293
List the prime factors of 4021.
4021
List the prime factors of 7274.
2, 3637
What are the prime factors of 1627?
1627
List the prime factors of 3615.
3, 5, 241
List the prime factors of 44198.
2, 7, 11, 41
What are the prime factors of 9230?
2, 5, 13, 71
List the prime factors of 2920.
2, 5, 73
What are the prime factors of 55132?
2, 7, 11, 179
List the prime factors of 17859.
3, 5953
What are the prime factors of 22906?
2, 13, 881
List the prime factors of 2034.
2, 3, 113
What are the prime factors of 1970?
2, 5, 197
List the prime factors of 160.
2, 5
What are the prime factors of 159?
3, 53
What are the prime factors of 2261?
7, 17, 19
What are the prime factors of 19874?
2, 19, 523
List the prime factors of 81400.
2, 5, 11, 37
What are the prime factors of 215?
5, 43
What are the prime factors of 456?
2, 3, 19
List the prime factors of 5115.
3, 5, 11, 31
What are the prime factors of 37?
37
What are the prime factors of 113?
113
List the prime factors of 149388.
2, 3, 59, 211
List the prime factors of 29949.
3, 67, 149
List the prime factors of 1480.
2, 5, 37
What are the prime factors of 2495?
5, 499
What are the prime factors of 86057?
47, 1831
List the prime factors of 67116.
2, 3, 7, 17, 47
What are the prime factors of 33126?
2, 3, 5521
What are the prime factors of 465?
3, 5, 31
What are the prime factors of 33347?
33347
What are the prime factors of 3902?
2, 1951
What are the prime factors of 36983?
31, 1193
What are the prime factors of 3482?
2, 1741
List the prime factors of 10870.
2, 5, 1087
What are the prime factors of 1751?
17, 103
List the prime factors of 396.
2, 3, 11
List the prime factors of 49553.
7, 7079
List the prime factors of 3959.
37, 107
What are the prime factors of 19302?
2, 3, 3217
What are the prime factors of 25637?
31, 827
List the prime factors of 3051.
3, 113
What are the prime factors of 13239?
3, 1471
List the prime factors of 41029.
89, 461
List the prime factors of 819.
3, 7, 13
What are the prime factors of 3597?
3, 11, 109
List the prime factors of 64299.
3, 21433
List the prime factors of 2408.
2, 7, 43
List the prime factors of 15202.
2, 11, 691
What are the prime factors of 38045?
5, 7, 1087
What are the prime factors of 3308?
2, 827
What are the prime factors of 5711?
5711
What are the prime factors of 3274?
2, 1637
List the prime factors of 8223.
3, 2741
What are the prime factors of 11632?
2, 727
List the prime factors of 665.
5, 7, 19
What are the prime factors of 55830?
2, 3, 5, 1861
List the prime factors of 942.
2, 3, 157
What are the prime factors of 3550?
2, 5, 71
What are the prime factors of 47832?
2, 3, 1993
What are the prime factors of 5928?
2, 3, 13, 19
List the prime factors of 8154.
2, 3, 151
What are the prime factors of 33281?
23, 1447
List the prime factors of 7494.
2, 3, 1249
What are the prime factors of 26509?
7, 541
List the prime factors of 39684.
2, 3, 3307
List the prime factors of 114054.
2, 3, 19009
What are the prime factors of 42901?
42901
List the prime factors of 10289.
10289
List the prime factors of 71.
71
What are the prime factors of 293?
293
What are the prime factors of 24059?
7, 491
What are the prime factors of 90983?
37, 2459
What are the prime factors of 1473?
3, 491
What are the prime factors of 4939?
11, 449
What are the prime factors of 3305?
5, 661
What are the prime factors of 21576?
2, 3, 29, 31
What are the prime factors of 2520?
2, 3, 5, 7
What are the prime factors of 16858?
2, 8429
What are the prime factors of 477?
3, 53
List the prime factors of 40530.
2, 3, 5, 7, 193
What are the prime factors of 102915?
3, 5, 2287
What are the prime factors of 20330?
2, 5, 19, 107
What are the prime factors of 41207?
89, 463
List the prime factors of 48952.
2, 29, 211
List the prime factors of 17286.
2, 3, 43, 67
List the prime factors of 13831.
13831
List the prime factors of 159.
3, 53
List the prime factors of 26117.
7, 13, 41
What are the prime factors of 15250?
2, 5, 61
What are the prime factors of 824?
2, 103
What are the prime factors of 18471?
3, 47, 131
What are the prime factors of 1824?
2, 3, 19
List the prime factors of 2012.
2, 503
List the prime factors of 6001.
17, 353
What are the prime factors of 21184?
2, 331
List the prime factors of 62434.
2, 19, 31, 53
What are the prime factors of 2440?
2, 5, 61
What are the prime factors of 5672?
2, 709
What are the prime factors of 96269?
96269
What are the prime factors of 660?
2, 3, 5, 11
List the prime factors of 2989.
7, 61
List the prime factors of 964.
2, 241
What are the prime factors of 4230?
2, 3, 5, 47
List the prime factors of 57696.
2, 3, 601
What are the prime factors of 18047?
18047
What are the prime factors of 1246?
2, 7, 89
What are the prime factors of 1988?
2, 7, 71
What are the prime factors of 1146?
2, 3, 191
List the prime factors of 56766.
2, 3, 9461
List the prime factors of 2596.
2, 11, 59
What are the prime factors of 40321?
61, 661
What are the prime factors of 882?
2, 3, 7
What are the prime factors of 238?
2, 7, 17
What are the prime factors of 3806?
2, 11, 173
List the prime factors of 910.
2, 5, 7, 13
List the prime factors of 4339.
4339
List the prime factors of 5428.
2, 23, 59
What are the prime factors of 2238?
2, 3, 373
List the prime factors of 14281.
14281
List the prime factors of 11003.
11003
What are the prime factors of 13211?
11, 1201
What are the prime factors of 28361?
79, 359
List the prime factors of 780.
2, 3, 5, 13
What are the prime factors of 26587?
11, 2417
What are the prime factors of 28021?
7, 4003
What are the prime factors of 266?
2, 7, 19
List the prime factors of 3319.
3319
What are the prime factors of 75160?
2, 5, 1879
List the prime factors of 580.
2, 5, 29
What are the prime factors of 7410?
2, 3, 5, 13, 19
List the prime factors of 3785.
5, 757
What are the prime factors of 73562?
2, 36781
List the prime factors of 39757.
83, 479
What are the prime factors of 2837?
2837
List the prime factors of 1421.
7, 29
List the prime factors of 40488.
2, 3, 7, 241
List the prime factors of 5859.
3, 7, 31
List the prime factors of 1499.
1499
List the prime factors of 6340.
2, 5, 317
What are the prime factors of 5388?
2, 3, 449
List the prime factors of 6437.
41, 157
List the prime factors of 2312.
2, 17
List the prime factors of 7372.
2, 19, 97
List the prime factors of 1816.
2, 227
List the prime factors of 51670.
2, 5, 5167
List the prime factors of 796.
2, 199
List the prime factors of 7292.
2, 1823
What are the prime factors of 27563?
43, 641
List the prime factors of 28267.
23, 1229
What are the prime factors of 110920?
2, 5, 47, 59
List the prime factors of 800.
2, 5
List the prime factors of 4618.
2, 2309
What are the prime factors of 1713?
3, 571
List the prime factors of 28852.
2, 7213
List the prime factors of 26860.
2, 5, 17, 79
What are the prime factors of 2262?
2, 3, 13, 29
List the prime factors of 3966.
2, 3, 661
List the prime factors of 60417.
3, 7, 137
What are the prime factors of 3413?
3413
List the prime factors of 5870.
2, 5, 587
What are the prime factors of 36785?
5, 7, 1051
What are the prime factors of 7221?
3, 29, 83
List the prime factors of 49303.
47, 1049
What are the prime factors of 3638?
2, 17, 107
List the prime factors of 74514.
2, 3, 11, 1129
What are the prime factors of 590?
2, 5, 59
List the prime factors of 6619.
6619
List the prime factors of 12114.
2, 3, 673
List the prime factors of 64400.
2, 5, 7, 23
What are the prime factors of 3246?
2, 3, 541
List the prime factors of 22529.
13, 1733
List the prime factors of 2060.
2, 5, 103
What are the prime factors of